ermine s(15).
-5
Let z(y) = -y**3 + 9*y**2 + 11*y + 3. What is z(10)?
13
Let u(s) = -s**2 + 15*s - 17. Determine u(13).
9
Let s(v) = -v**2 - 14*v - 21. Calculate s(-7).
28
Let m(r) = -r**3 - 2*r**2 + r - 1. What is m(-2)?
-3
Let d(y) = 2*y - 18. What is d(10)?
2
Let v(k) = 3*k + 23. Give v(-12).
-13
Let t(j) = j**2 - 21*j - 40. What is t(20)?
-60
Let l(x) = -33*x**3 - 2*x**2 - 2*x - 1. Determine l(-1).
32
Let h(c) = -c**2 + 18*c + 25. What is h(21)?
-38
Let t(z) = z**3 - 12*z**2 - z + 10. Determine t(12).
-2
Let l(a) = a - 17. What is l(10)?
-7
Let t(q) = 6*q**3 + 120*q**2 + 3*q + 49. Give t(-20).
-11
Let r(i) = -i**3 + 3*i**2 + 4*i. Give r(4).
0
Let n(c) = -c**3 + 10*c**2 - 11*c + 4. Calculate n(9).
-14
Let j(s) = -31*s + 88. What is j(3)?
-5
Let m(j) = 8*j + 21. Calculate m(4).
53
Let j(z) = z**2 - 5*z - 1. Determine j(7).
13
Let p(o) = 4*o**2 + o - 1. Calculate p(1).
4
Let r(k) = -7*k**2 - k - 1. Calculate r(-1).
-7
Let k(s) = s**3 - 10*s**2 + 17. Calculate k(10).
17
Let v(d) = 2*d**2 + 14*d + 15. Give v(-8).
31
Let w(t) = -t**2 + 11*t - 14. Give w(8).
10
Let g(t) = 12*t + 25. Calculate g(-3).
-11
Let j(v) = -v**2 + 8*v - 15. Give j(8).
-15
Let k(f) = f**3 - 12*f**2 + 10*f + 3. Determine k(11).
-8
Let m(j) = -10*j**2 + 5*j - 3. Calculate m(1).
-8
Let g(m) = m**2 + 27*m - 83. What is g(-31)?
41
Let t(v) = -v**3 + 3*v**2 + 29*v - 1. Give t(7).
6
Let y(r) = -r**2 - 20*r + 94. Give y(-24).
-2
Let v(j) = -2*j**2 + 22*j + 98. Calculate v(14).
14
Let l(r) = -2*r**2 + 25*r + 18. Give l(13).
5
Let a(w) = -w + 8. Calculate a(-9).
17
Let f(s) = -9*s**2 + 4*s + 6. What is f(-2)?
-38
Let u(v) = 2*v + 65. What is u(23)?
111
Let n(w) = 4*w + 22. What is n(-5)?
2
Let q(v) = -v**2 + 18*v - 28. Determine q(11).
49
Let o(s) = -2*s**2 - 21*s - 39. Determine o(-6).
15
Let i(c) = c**2 + 2*c. What is i(2)?
8
Let n(t) = t**3 - 8*t + 3. What is n(-3)?
0
Let k(h) = -h**3 - 5*h**2 - h - 1. Calculate k(-5).
4
Let x(w) = 3*w**2 + 2*w + 6. Calculate x(3).
39
Let b(c) = -9*c - 1. Determine b(-1).
8
Let w(y) = y - 25. Give w(0).
-25
Let i(c) = -c - 20. Calculate i(-23).
3
Let q(x) = x**3 - 17*x**2 - 22*x + 66. Determine q(18).
-6
Let t(r) = -r - 42. Determine t(0).
-42
Let w(u) = 7*u - 1. Give w(-2).
-15
Let q(s) = 31*s - 39. Calculate q(3).
54
Let u(l) = l**3 + 12*l**2 + 10*l - 8. Calculate u(-11).
3
Let l(a) = -a**2 - 10*a + 28. Calculate l(-13).
-11
Let i(o) = -o**2 + 7*o. Give i(4).
12
Let i(n) = -n - 5. Determine i(18).
-23
Let y(h) = h + 16. Give y(-9).
7
Let x(b) = -6*b**2 + 4*b - 3. Give x(-4).
-115
Let k(q) = -11*q + 106. Determine k(5).
51
Let h(a) = -a**3 - 13*a**2 - 25*a - 24. Determine h(-11).
9
Let j(b) = b**3 + 7*b**2 - 10*b - 12. Determine j(-8).
4
Let r(o) = 13*o**2 - 73*o - 18. What is r(6)?
12
Let d(c) = 2*c**2 + 4*c - 7. Determine d(-3).
-1
Let x(u) = -3*u**2 - 5*u - 12. Calculate x(-5).
-62
Let z(v) = v**3 + 16*v**2 - 4*v - 23. Give z(-16).
41
Let m(j) = -j**2 - 4*j + 16. Calculate m(-8).
-16
Let i(k) = k**2 - 3. Calculate i(-4).
13
Let z(m) = -11*m + 27. Give z(10).
-83
Let l(a) = -138*a**3 - 3*a**2 + a. What is l(1)?
-140
Let c(g) = g**2 + 2*g - 4. Calculate c(-5).
11
Let o(v) = -3*v**2 - v + 17. Calculate o(0).
17
Let p(o) = -7*o - 9. What is p(-4)?
19
Let w(q) = q**2 + 3*q - 3. Calculate w(0).
-3
Let o(w) = w**3 + 9*w**2 + 14*w + 28. What is o(-5)?
58
Let r(o) = -o**2 + 3*o. Give r(-7).
-70
Let c(w) = w**2 + 11*w - 5. Calculate c(-9).
-23
Let t(o) = 19*o - 21. Give t(3).
36
Let g(v) = -v**2 - 4*v - 4. Determine g(-7).
-25
Let r(o) = o**3 - 11*o**2 - 14*o + 23. Determine r(12).
-1
Let f(s) = s**2 + 8*s + 14. What is f(-5)?
-1
Let j(a) = -22*a + 5. Give j(0).
5
Let m(z) = z**3 - 8*z**2 - 56*z - 19. Determine m(-4).
13
Let l(b) = b**3 - b**2 - 8*b - 12. Calculate l(4).
4
Let c(g) = g - 20. Determine c(12).
-8
Let c(t) = t**3 + 18*t**2 + 23*t - 23. What is c(-17)?
-125
Let z(m) = -5*m + 23. Determine z(4).
3
Let k(x) = x - 6. What is k(2)?
-4
Let v(o) = -o**3 + 5*o - 5. Calculate v(2).
-3
Let c(s) = -4*s**2 + 42*s + 19. Calculate c(10).
39
Let k(v) = 3*v - 66. Calculate k(25).
9
Let r(f) = 23*f - 247. What is r(11)?
6
Let q(j) = 30*j + 8. Determine q(0).
8
Let c(p) = 58*p - 1052. Give c(18).
-8
Let b(y) = 8*y - 1. Determine b(0).
-1
Let b(t) = -51*t**2 + 4*t + 4. Calculate b(-1).
-51
Let l(c) = 2*c**3 + 8*c**2 + 5*c + 8. Calculate l(-3).
11
Let d(a) = -34*a - 16. Give d(4).
-152
Let r(g) = -3*g - 52. Give r(-9).
-25
Let q(n) = n**2 - 8*n - 4. What is q(9)?
5
Let k(r) = -38*r + 3. Calculate k(-2).
79
Let q(d) = -11*d + 62. Determine q(6).
-4
Let w(v) = -3*v**2 + 3*v - 2. Calculate w(4).
-38
Let l(a) = -a + 32. Determine l(32).
0
Let m(b) = -6*b**2 - 3*b + 3. Give m(4).
-105
Let m(q) = -q**2 - 3. Calculate m(0).
-3
Let c(v) = v**3 + 9*v**2 + 7*v + 10. Calculate c(-7).
59
Let l(y) = y**3 - 10*y**2 - 27*y + 30. What is l(12)?
-6
Let o(l) = l**3 - 5*l**2 - l - 8. Determine o(6).
22
Let i(a) = 3*a**2 - 8*a - 4. What is i(3)?
-1
Let u(p) = -14*p + 11. Calculate u(2).
-17
Let w(h) = 2*h**2 - h + 2. Give w(-2).
12
Let r(n) = -n**2 + 13*n + 9. Determine r(16).
-39
Let c(o) = o**3 + o**2 + 4*o + 5. Give c(-2).
-7
Let p(q) = -q + 1. Determine p(-7).
8
Let h(v) = -v**3 - 2*v**2 + 5*v + 7. What is h(-2)?
-3
Let q(l) = -l**3 - 37*l**2 - 161*l - 34. Calculate q(-32).
-2
Let q(j) = -j**3 + 24*j**2 - j + 19. Determine q(24).
-5
Let j(c) = -8*c**2 - 4*c - 3. What is j(-2)?
-27
Let o(s) = 5*s**3 + 3*s**2 + 5*s + 7. What is o(-2)?
-31
Let v(h) = -3*h**2 + 14*h - 21. Give v(4).
-13
Let w(h) = -h**3 + 13*h**2 - 15*h - 76. Determine w(11).
1
Let t(x) = x**2 + 10*x + 2. Give t(-10).
2
Let t(p) = 4*p**2 + 1. Determine t(4).
65
Let v(n) = -2*n**2 - 14*n - 21. Give v(-8).
-37
Let y(f) = 65*f + 534. What is y(-8)?
14
Let i(r) = 2*r**3 - 2*r**2 - 3*r + 4. What is i(2)?
6
Let g(f) = f**2 + 12*f + 6. Give g(-11).
-5
Let y(s) = 42*s + 372. Determine y(-9).
-6
Let q(k) = 12*k + 188. Give q(-14).
20
Let f(c) = -42*c + 510. Determine f(12).
6
Let k(h) = -2*h**2 - 11*h - 19. Determine k(-11).
-140
Let k(i) = -11*i. Determine k(1).
-11
Let d(b) = -b**3 - 3*b + 3. Determine d(3).
-33
Let g(w) = w + 11. Calculate g(-17).
-6
Let g(j) = 18*j - 321. Calculate g(18).
3
Let i(v) = -v**2 - 4*v - 7. Calculate i(-2).
-3
Let m(a) = -a**2 + 16*a + 5. What is m(16)?
5
Let q(p) = 4*p**2 + 2*p + 12. Determine q(3).
54
Let t(a) = -a**2 - 11*a - 6. What is t(-11)?
-6
Let z(m) = -5*m + 48. Calculate z(9).
3
Let f(j) = -2*j**2 + 2*j - 3. Give f(3).
-15
Let x(q) = q**3 + q**2 - q + 14. What is x(0)?
14
Let z(k) = -24*k - 200. Calculate z(-8).
-8
Let k(p) = 5*p**2 - 2*p - 1. Calculate k(-3).
50
Let w(j) = -j**2 + 8*j + 3. Determine w(13).
-62
Let l(g) = -g**3 + 17*g**2 + 7*g - 59. Determine l(17).
60
Let o(f) = 3*f**2 + 6*f - 4. Determine o(-3).
5
Let o(w) = w - 11. What is o(16)?
5
Let g(o) = -3*o + 40. What is g(17)?
-11
Let x(b) = b**2 + 20*b + 84. What is x(-7)?
-7
Let h(y) = 3*y**3 + 44*y**2 - 19*y - 54. What is h(-15)?
6
Let j(q) = q**3 - 14*q**2 - 14*q. Determine j(15).
15
Let o(b) = 30*b**3 - 2*b**2 - 2*b - 1. Determine o(-1).
-31
Let o(i) = -i**3 - 8*i**2 - 8*i - 9. What is o(-7)?
-2
Let w(y) = -93*y**3 + 2*y**2 - 3*y + 2. Determine w(1).
-92
Let u(k) = 2*k - 8. What is u(0)?
-8
Let c(y) = 4*y**2 - 74*y + 158. Determine c(16).
-2
Let w(p) = p**3 - 24*p**2 + 23*p + 4. What is w(23)?
4
Let a(o) = -4*o**2 + 2*o - 6. Give a(0).
-6
Let l(c) = c**3 - 31*c**2 + 32*c - 40. Calculate l(30).
20
Let y(a) = -a**3 - 5*a**2 - 9*a - 46. What is y(-5)?
-1
Let p(n) = -n + 7. What is p(4)?
3
Let m(d) = 2*d**2 - 6*d + 12. What is m(2)?
8
Let p(a) = -a**3 - 12*a**2 - 3*a + 8. Give p(-12).
44
Let f(x) = 28*x**2 - 2*x. Calculate f(-1).
30
Let g(n) = 2*n**2 + 5*n + 10. What is g(-4)?
22
Let g(f) = -3*f**2 + 124*f - 21. Give g(41).
20
Let i(s) = 18*s - 31. Calculate i(2).
5
Let y(x) = -x**3 + 4*x**2 + x + 11. Determine y(4).
15
Let a(f) = f**3 + 7*f**2 + 6*f - 4. Give a(-3).
14
Let z(d) = -5*d + 64. Calculate z(13).
-1
Let l(t) = t**3 - 9*t**2 - 56*t + 32. Give l(13).
-20
Let y(u) = -u**3 - 8*u**2 - 8*u - 7. Give y(-5).
-42
Let q(g) = -5*g**3 + 2*g**2 + 4*g + 2. Give q(-1).
5
Let g(l) = -l**3 - 7*l**2 + 12*l + 77. Determine g(-7).
-7
Let f(j) = 3*j**2 + 26*j + 18. Determine f(-8).
2
Let h(f) = 4*f - 5. Give h(11).
39
L